10). Suppose -3*l = 3*i - 1224, l = -z*i + 15*i + 398. What are the prime factors of l?
7, 59
Let o = 385 + -900. Let s = o - -1047. What are the prime factors of s?
2, 7, 19
Let s(p) be the first derivative of 10*p**3 - 3*p**2 - p + 218. What are the prime factors of s(-4)?
503
Suppose 4*t - 9 = -3*n, 5*t = n + 18 - 2. Suppose 4*r - 4*s = 3112, -2*r - t*r - s + 3890 = 0. List the prime factors of r.
2, 389
Suppose -4*h = -12 + 8. Let c(w) = -158*w**3 + 2*w**2 - 5*w - 3. Let m(n) = n. Let t(j) = -c(j) - 6*m(j). What are the prime factors of t(h)?
2, 79
Let u be (2 - -26)*(5 + -3)/4. Suppose -24*x = -u*x - 2660. List the prime factors of x.
2, 7, 19
Suppose 2*q + d = 2*d - 86, -d + 41 = -q. Let p = -60 - q. What are the prime factors of 3 - 1000/p - (-1)/3?
2, 5, 7
Let h(j) = 25*j**2 - 4*j - 71. What are the prime factors of h(27)?
2, 7, 1289
Suppose i + 4*i = -50. Let l = i - -12. List the prime factors of (147/6)/7*l.
7
Let j(m) = -8118*m - 121. What are the prime factors of j(-1)?
11, 727
Suppose -4*h - 5*p = 270, 3*h + 8*p = 6*p - 206. Let b = 72 + h. Suppose 5*j = 4*k - 2*k - 372, -b*k + 364 = -3*j. What are the prime factors of k?
2, 11
Let w = -198 - -88. Let l = 251 + w. List the prime factors of l.
3, 47
Suppose -4*y - 2119 = -3*j, 2137 = -43*j + 46*j + 5*y. Let o = j + 67. List the prime factors of o.
2, 97
Let c = 73 + -61. Suppose 0 = -4*l + 3*r - 12, -3*l = -2*r - r + c. Suppose -5*k + 3*k - g + 220 = 0, k - 5*g - 99 = l. List the prime factors of k.
109
Let t(x) = -14*x - 24. Let j(q) = -15*q - 25. Let r(z) = 3*j(z) - 4*t(z). Let b be r(11). List the prime factors of (-2)/(-3 + 422/b).
71
List the prime factors of (-232)/2552 + (-45344)/(-22).
3, 229
Let b(r) = 21*r**2 + 7*r + 9. Let v be b(7). Let q = v - 494. What are the prime factors of q?
593
Let v(g) = g**3 + 6*g**2 + 6*g - 6. Let w be v(-4). Let n be (1/(-3))/(w/(-90)) + 1. List the prime factors of (-660)/16*n/(-6).
2, 5, 11
Suppose a = -g + 45185, 94*a - 99*a + 180742 = 4*g. List the prime factors of g.
3, 15061
Let o(h) = h**2 + 46*h + 517. Let z be o(-24). Let n(x) = 14*x**2 + 5*x + 3*x + 3*x**3 - 2*x**3 + 1. What are the prime factors of n(z)?
2, 3, 23
Let m(v) = -6*v**2 - 11*v - 11. Let a be m(-6). Let o(k) = 126*k - 10. Let q be o(2). Let g = q + a. What are the prime factors of g?
3
What are the prime factors of 4 - (2 + (-98715)/2 + (-18)/(-36))?
3, 16453
Let j = -2278 + 2623. List the prime factors of j.
3, 5, 23
Suppose -3*t + 4*m - 9817 = -4*t, m = -2*t + 19648. What are the prime factors of t?
3, 5, 131
Let z(u) = 2686*u - 3298. What are the prime factors of z(5)?
2, 17, 149
Suppose 436905 = -326*b + 347*b. What are the prime factors of b?
3, 5, 19, 73
Suppose 2*r - 1902820 = -87*r. List the prime factors of r.
2, 5, 1069
Let k = -524 + 308. Let j(y) = 461*y - 484. Let f be j(2). Let v = f + k. What are the prime factors of v?
2, 3, 37
Suppose 3*m - 728*o + 725*o = 27072, -45170 = -5*m - 5*o. List the prime factors of m.
9029
Let k(w) = -2*w**3 - 5*w**2 + 24*w + 413. What are the prime factors of k(-16)?
11, 631
Suppose h - 284 = 2*h. Let v be (4 - (-1 - 0)/(-1))/(-1). What are the prime factors of h/v*(-39)/(-26)?
2, 71
Let p = 22 + 13. List the prime factors of ((-3682)/p + 7)/(1/(-5)).
491
Suppose 4*g = 1331*p - 1330*p - 47346, -3*p + 142038 = -2*g. List the prime factors of p.
2, 3, 13, 607
Suppose -19*z + 490053 - 155718 = -222441. What are the prime factors of z?
2, 3, 11, 37
Suppose 2*k - 3*s - 3 = 6*k, 4*s + 4 = -k. Suppose k = -12*t + 9*t + 27. List the prime factors of 13 + -16 + 13*t.
2, 3, 19
Suppose -4*c - 5*w = 6, w + 8 - 6 = 0. Let r(t) = 534*t - 38. List the prime factors of r(c).
2, 31
Let y(j) = -172*j**3 + 4*j**2 + 24*j + 8. List the prime factors of y(-3).
2, 577
Let k(y) = -2*y**2 + 207*y + 71. List the prime factors of k(32).
3, 1549
Let g = 1104 + -591. Let k = -287 + g. Let h = -119 + k. What are the prime factors of h?
107
Suppose 3*a - 2*o - 624 = 722, -2*a + o + 898 = 0. Let v = 119 + a. List the prime factors of v.
569
Suppose 54 = -3*v + 6*v. Let w(b) = 4*b**2 - 12*b - 71. List the prime factors of w(v).
1009
Let c(w) be the second derivative of -w**4/12 - 7*w**3/2 + 11*w**2/2 + 23*w. Let i be c(-21). Suppose 0 = -8*z + i*z - 87. List the prime factors of z.
29
Let q be 3*3/12*4 + 4. Suppose -6 = -5*c + 3*l, -2*l + q*l = 3*c + 6. Suppose 2*t - c*p - 417 = -t, -p + 566 = 4*t. List the prime factors of t.
3, 47
Suppose -18 = -3*t - 3*t. Let m(l) = 1 - 2*l**3 - l**t + 6 + 3*l**2 + 6*l**3. List the prime factors of m(3).
5, 23
Let n(q) be the third derivative of -q**4/12 - 29*q**3/6 - q**2. Let x be n(-12). List the prime factors of (-36)/45 - 254/x.
2, 5
Let h = -547 - -225. Let p = 820 + h. What are the prime factors of p?
2, 3, 83
Suppose 799*d - 259*d + 12163611 = 37116471. List the prime factors of d.
3, 73, 211
Let h = -15121 + 36644. List the prime factors of h.
21523
Let t(j) = j**3 + 14*j**2 + 14*j + 18. Let p be t(-13). Suppose x = v + 5*x + 260, -5*x = -p*v - 1300. What are the prime factors of (240/(-50))/(6/v)?
2, 13
Let v(d) = 2*d + 20. Let y be v(-7). Suppose -15 = -3*w - y. Suppose q - 3*l - 81 = l, 5*l = w*q - 222. List the prime factors of q.
3, 23
List the prime factors of (171 - 166)*(-84302)/(-10).
61, 691
Let z(j) = 60*j**2 - 37*j + 11. What are the prime factors of z(-11)?
2, 11, 349
Suppose -36*d + 52*d - 4587 - 4613 = 0. What are the prime factors of d?
5, 23
Let t(y) be the third derivative of y**6/240 - y**5/30 - 11*y**4/24 - 6*y**2. Let m(h) be the second derivative of t(h). List the prime factors of m(22).
2, 31
Let n = 144 - 206. Let p = -89 + 71. What are the prime factors of p/27 - n/3?
2, 5
Let o = -414 - -428. Let x(a) = a**3 - 6*a**2 - 5*a - 115. List the prime factors of x(o).
3, 461
Suppose -17*f - 8 = -13*f. List the prime factors of 2/((-1)/(485/f)).
5, 97
What are the prime factors of (86875 - -5)/(-16)*(-4)/((-8)/(-14))?
2, 3, 5, 7, 181
Suppose 292*o - 295*o = -2*g - 4297, -4*g = 4*o - 5696. List the prime factors of o.
1429
Suppose -3*b = 4*m - 28, -7*b + m + 12 = -3*b. Suppose -5*j + 3*v - v + 5258 = 0, 4*j = -b*v + 4184. What are the prime factors of j?
2, 3, 5, 7
Let q be -21*2094/84*-4. Let z = q - 550. What are the prime factors of z?
2, 193
Suppose 10*u = -13*u + 100579. What are the prime factors of u?
4373
Let x(o) = -o**3 + 27*o**2 - 26*o + 19. Let t be x(23). Let b = t + -823. List the prime factors of b.
2, 3, 7, 17
Let l(s) = 29*s - 21. Let g be l(6). Suppose 0 = -2*u - x + 2*x + g, -x - 5 = 0. List the prime factors of u.
2, 37
Let m be (-1 + 0)/(2/(-10)). Let f be 4 - (-1)/(-1) - 1. Suppose 5*d - 233 = -3*g, -m*d + 3*d + 94 = f*g. What are the prime factors of d?
2, 23
Suppose 0 = 5*y - 34*m + 37*m - 182979, -3*y + 109793 = m. List the prime factors of y.
2, 3, 5, 61
Suppose 3*m = -3*v + 51, -v + 3 = 4*m - 20. Suppose -1443 = -18*t + v*t. List the prime factors of t.
13, 37
Suppose 4*k - 849 = -3*u, 2*k - 408 = u + 3*u. Suppose -3*p - 15 = 0, 3*p - k = -5*i - 0*i. List the prime factors of ((-27705)/(-27))/5 - 10/i.
5, 41
Suppose -3*p - s = -212 - 1611, s - 609 = -p. Suppose z - p = -z + 3*g, 3*z + 5*g = 863. What are the prime factors of z?
2, 37
Let f(v) = 354*v - 2. Let n = 33 + -32. List the prime factors of f(n).
2, 11
Let q(z) be the first derivative of -39*z**2/2 - 19*z - 22. Let c be q(-9). Suppose -70 = 2*i - c. List the prime factors of i.
131
Suppose 26*b - 32*b = -6. What are the prime factors of (22 + -23)/(b/(-391))?
17, 23
Suppose 72588 = 3*h + 4*b, -4*h - 80*b + 96728 = -84*b. What are the prime factors of h?
2, 6047
Suppose 5*o - o - 5*l = -113, -2*o + l = 49. Let n = o - -25. Suppose 0 = -n*i + 10*i - 595. List the prime factors of i.
5, 17
Suppose -n - 121 - 172 = 0. Let i = 749 + n. List the prime factors of i.
2, 3, 19
Suppose -2*b = 5*a - 115020, 0 = -2*a + 18*b - 14*b + 46032. What are the prime factors of a?
2, 11503
Let v(n) = -n**2 - 6*n + 6. Let j be v(-6). What are the prime factors of (39/j + -4)*104?
2, 5, 13
Let t(l) = 3*l**2 + 2*l + 1. Let r be t(-11). Suppose r = 2*x - 0*x. Let v = x - 117. What are the prime factors of v?
2, 3
Suppose -31*n + 4 = -29*n. Let a(o) = -33 + 3*o**n - 2*o**2 + 28. List the prime factors of a(4).
11
Suppose 12*i = i 